ite number?
False
Let f be (1*-1)/((-1183)/(-117) - 10). Let q(g) = -2*g**3 - 10*g**2 - g - 26. Is q(f) prime?
True
Suppose -68*h + 33*h - 393890 = 0. Let n(y) = -3088*y - 1. Let c be n(2). Let v = c - h. Is v composite?
False
Suppose -45*v + 6*v + 16108710 = -10655703. Is v a prime number?
True
Let z = 210912 - 103595. Is z a prime number?
False
Let l(g) = 3*g - 19. Let p be l(9). Suppose p - 6 = o. Suppose f - 1 = 0, 0 = o*a + 4*f - 1143 - 651. Is a prime?
False
Let d(a) = -2*a**2 + 46*a - 140. Let r be d(18). Suppose -r*b - 499 = -41*b. Is b prime?
True
Suppose 0 = 2*d - 21*n + 19*n - 296730, -5*d + 741813 = -2*n. Is d a prime number?
True
Let g = 1548 - 2827. Suppose -5*t - 876 + 277 = -3*w, -3*w - 5*t + 589 = 0. Let b = w - g. Is b a composite number?
True
Let c(h) = 615*h + 23. Is c(8) a composite number?
False
Let j = -5701 + 11176. Let t = 21388 - j. Suppose -9*b + t = 1612. Is b composite?
True
Let w be 6*3 + -55 + 48. Suppose -w*f + 12510 = -7301. Is f prime?
True
Suppose 3*z + 5*f = 2*f, 0 = 2*z - 5*f + 28. Let k be -3 - (4 + z) - -9. Suppose k*s - 5*n - 1928 = 4*s, 2*s - 1926 = 4*n. Is s prime?
False
Let q be 1*-1*(-4 - (-28 + 4)). Let y = q + 26. Suppose 292 + 290 = y*v. Is v prime?
True
Let i = 148 - 148. Suppose -2*z - 3*z - 5 = i, -2*z = 4*h - 30866. Is h a prime number?
True
Let o(u) = u**2 + 1. Let v be o(-1). Suppose 94 = -v*x + 2016. Let r = 1346 + x. Is r a composite number?
True
Let f(t) = 6*t**2 + t - 1. Let r be f(1). Let c be -1 - 5/((-10)/6). Is c*(-2 - (-279)/r) a prime number?
True
Let l = 38 - 23. Suppose -t - z = -513, l*t - 16*t + 4*z = -518. Is t a prime number?
False
Suppose -2*f + 70 = 70. Suppose -28*y + 26*y + 1814 = f. Is y a prime number?
True
Let q(o) be the first derivative of 993*o**2/2 + 203*o - 169. Is q(8) a prime number?
True
Let r = 117 + -110. Let g(f) = 16*f**2 - 11. Let w(y) = -15*y**2 + y + 10. Let v(u) = -3*g(u) - 4*w(u). Is v(r) prime?
False
Let j = 487882 + -231291. Is j composite?
True
Suppose -547772 = -15595*y + 15591*y. Is y a prime number?
True
Suppose 5*t - g + 52 = 2*g, -5*t - 2*g = 57. Suppose 3*m = 2*m + 4*c + 56, 0 = m + 4*c - 16. Let w = t + m. Is w a prime number?
False
Let j = -21180 + 68311. Is j prime?
False
Suppose 36 = -10*c + 136. Suppose -90661 = -7*w - c*w. Is w a composite number?
False
Is (45756 - -1)/1*(4 + -47 + 44) a prime number?
True
Let i(q) = -q**3 + 4*q**2 - 3*q. Let m be i(2). Suppose m*t - 30 = -3*a + 5*t, -4*a - 2*t + 16 = 0. Is ((-8)/12)/(a/(-30339) - 0) a composite number?
False
Suppose k + 0*k = -z - 1, 0 = -3*z + 2*k + 17. Suppose 2*t = -z*g + 10991, -12*t + 13*t + 3*g = 5494. Is t composite?
True
Let y = -158 + 348. Is (-114)/y + (-32776)/(-10) a prime number?
False
Let p(i) = 33*i**2 + 12*i - 31. Let r be p(16). Let m = r - 1728. Is m composite?
True
Let k be (-284)/13 - ((-12)/(-39))/2. Is 1/((-1)/20931)*k/66 a prime number?
True
Let m(o) = -9*o**3 - 2*o**2 + 5*o - 1. Let a be m(-6). Let r(w) = 4*w**2 - w - 297. Let b be r(19). Let n = a - b. Is n composite?
True
Let h be (18 + -14)*(-178)/(-1). Let l = 1705 - h. Is l a composite number?
True
Is (-213)/568 + (-3383457)/(-24) composite?
False
Let n be (-1306)/10 - (-2)/(-5). Let r be (-68 + 26)*(2 + (-28)/(-6)). Let d = n - r. Is d prime?
True
Let u = -421134 - -660487. Is u a composite number?
True
Let y(b) = b**3 - 26*b**2 - 32*b - 84. Suppose -l + 5*k + 8 = 0, 0 = -0*l - 3*l + 4*k + 79. Is y(l) composite?
True
Let u be 36/(-84)*(-14)/2. Suppose j - 4072 = -u*q - 202, -1294 = -q + j. Is q composite?
False
Suppose -321*t = -325*t + 4*p + 109624, -5*p = 5*t - 137040. Is t a composite number?
False
Suppose a + 4*c - 1 = 0, -3*c = -5*a + 57 - 29. Suppose a*k - 3*r - 87461 = 46574, -2*r = -2*k + 53614. Is k a prime number?
False
Let t(w) be the first derivative of w**4/4 + 17*w**3/3 - 19*w**2/2 + 7*w - 12. Let u be t(-18). Is 138*(1/(-5))/((-15)/u) a composite number?
True
Let h = -742324 - -1802778. Is h a prime number?
False
Suppose -2*z = d - 27, -d - 3*z + 7 = -17. Is 11/(d/8901) - 5 composite?
True
Suppose 27*f + 15890996 = -11*f + 82*f. Is f prime?
True
Let u be 3 + 2 + 16431 + 0 + 0. Suppose -l = -v + u, 2*l - 26 = -20. Is v prime?
False
Let f = -42 + 58. Is 14176 + 4/(-1) + (17 - f) composite?
False
Let k(z) = -7*z**2 + 3*z - 4. Let v be k(1). Let c be (-27)/((-2 - v)/(-6)). Suppose -31*h + c*h + 5588 = 0. Is h a composite number?
True
Let u(f) be the third derivative of 1043*f**5/60 + 5*f**4/8 + 5*f**3/6 - 4*f**2 - 2*f. Is u(4) composite?
True
Suppose 14*x = 93 - 23. Let m(u) = 47*u**3 - 5*u**2 + 8*u - 4. Let l be m(5). Suppose -x*j = -0*r - 3*r - 5782, -r + l = 5*j. Is j a prime number?
False
Let u = 62 - 47. Suppose -26*n - u = -29*n. Suppose 7096 = 3*l + n*l. Is l a composite number?
False
Suppose -5*t + 660275 = 5*g, -11*t + 4*g = -9*t - 264134. Is t a prime number?
True
Let i be (60428/(-10))/((-16)/120*3). Suppose 578 = 5*n - i. Is n prime?
True
Suppose 243970 - 89539 = 9*v. Is v a composite number?
False
Let w be 9 - ((9 - 3) + -2). Suppose 3*j - 5*h = 2, 3*h + 4 = w*j - 10. Suppose 0 = -j*g + 762 + 442. Is g prime?
False
Suppose -1743*w = -1748*w - 4*m + 135315, -m - 54113 = -2*w. Is w a composite number?
False
Let z(q) = -q**3 + 16*q**2 + 10*q - 4. Suppose 3*g - 3 = -9, -3*r + 35 = 2*g. Is z(r) composite?
True
Is (-13)/(13 + 13)*(-383382 + 4) a prime number?
True
Let i(o) = -o**2 - 4*o - 1. Let j be i(-3). Let w(z) = -582*z - 1 - j - 8 + 0. Is w(-3) prime?
False
Suppose 29*n - 20627 - 24923 = 4*n. Is n prime?
False
Suppose 35 = 4*w + 3*g, 0*g = -3*w + 5*g - 10. Suppose w*j - 3344 = 2861. Is j a composite number?
True
Is ((-3421678)/(-9))/2 - (305/(-45) - -7) a composite number?
False
Suppose 5*t + 914325 = 5*r, -67*t + 365737 = 2*r - 62*t. Is r a composite number?
True
Suppose 2*h = 51*d - 47*d - 292042, -3*d + 5*h = -219056. Is d composite?
True
Let q = 156 + -152. Suppose -q*f - h = -4663 - 13625, -2*h + 22857 = 5*f. Is f a prime number?
False
Suppose 41707 = a + 630. Is a a prime number?
True
Let o(w) = 9 - 11 - 4*w**3 - w - 2314*w**3. Is o(-1) a prime number?
False
Let c(g) = 2349*g**2 + g + 37. Is c(-5) a composite number?
False
Suppose 6214 = 9*i - 79376. Suppose d = 2*d + i. Is d/(-24) + 6/8 a prime number?
True
Suppose p + 3*x - 13 = 0, -4*p = p - 3*x - 47. Suppose 30*q - 302180 = p*q. Is q prime?
False
Let r(u) = -2*u + 32. Let m be r(16). Suppose m = 2*n - 19 + 5. Suppose -53 = -n*d + 108. Is d a composite number?
False
Let f = 527226 + -237295. Is f composite?
True
Is ((-10)/(-4))/((-350)/(-23644180)) prime?
True
Let b(g) = 200*g**2 + 84*g - 769. Is b(33) a composite number?
True
Suppose 22*g = 5*g - 10931. Let f = g + 1757. Is f prime?
False
Let l be (4 - (2 - -3)) + 3*12. Suppose -34*i - 12514 = -l*i. Suppose -4*r - i = -2*n, 4*r - 12514 = -2*n + 2*r. Is n a prime number?
True
Suppose 2*w - w + 495 = 0. Let x be 862 + (8 - 2 - 12). Let i = w + x. Is i prime?
False
Let c(i) = -i**3 - 6*i - 16. Let q be -15 - (2/(-17) + (-504)/(-238)). Is c(q) prime?
True
Suppose 116 = 4*o - 5*w, -2*w - 145 = -5*o - 5*w. Suppose x = 165 + o. Is x composite?
True
Let c = -149 - -261. Suppose 0 = -2*k + r + c + 106, 2*r = 0. Let f = 144 + k. Is f prime?
False
Suppose -22*m + 21*m + 15 = -3*q, 4*m = -3*q. Let u = m + 1754. Is u prime?
False
Let b = -64026 + 159293. Is b a composite number?
False
Let i be (134848/(-12))/(-8) - 1/(-3). Is i - 15*(-2)/(-5) prime?
True
Let b(i) = -152*i + 97. Let m be b(21). Let y = -1686 - m. Is y a composite number?
False
Let o = -413 + 529. Suppose 323829 = 125*a - o*a. Is a a prime number?
False
Suppose -q - 2*x = 0, 2*q + 4*x - 3*x + 9 = 0. Let o be 1/(-3) - (-20128)/q. Is 4*-1 - (o - -4) prime?
True
Suppose 2*v - 301335 = -b, b - 2*v = 53638 + 247705. Is b prime?
False
Suppose m = 2*i + 7, 31 = -2*m - 0*m - 5*i. Let f(c) = 132*c**2 + 4*c + 1. Is f(m) a composite number?
True
Let o(k) = k**3 - 5*k**2 - 2*k + 7. Let f be o(5). Let w be f/(-6)*6 - -705. Suppose -703 = -3*u + 2*u - 4*z, u - w = z. Is u prime?
False
Suppose 21*y = 23*y - 26. Suppose -2*i + 0*n = -n + 1, -4*i - n + y = 0. Suppose 0*p + 3970 = i*p. Is p composite?
True
Suppose -5*z + 2*p - p = -12787, p - 12793 = -5*z. Suppose 3*i - z = 19333. Is i prime?
True
Suppose 2*k = 6 + 62. Let w = k - 31.